factors of 32990865?
3, 5, 37, 59443
What are the prime factors of 17327429?
7, 353621
What are the prime factors of 369273?
3, 123091
List the prime factors of 4311928.
2, 223, 2417
What are the prime factors of 162597?
3, 83, 653
List the prime factors of 1068095.
5, 7, 30517
What are the prime factors of 171417?
3, 57139
List the prime factors of 8548332.
2, 3, 13, 37, 1481
What are the prime factors of 2300461?
263, 8747
What are the prime factors of 2643895?
5, 528779
List the prime factors of 3835085.
5, 767017
What are the prime factors of 1690910?
2, 5, 13, 13007
List the prime factors of 2983465.
5, 596693
What are the prime factors of 11585976?
2, 3, 17, 73, 389
What are the prime factors of 2751784?
2, 7, 49139
What are the prime factors of 1655435?
5, 83, 3989
What are the prime factors of 32001?
3, 10667
List the prime factors of 7511930.
2, 5, 751193
List the prime factors of 241444.
2, 7, 8623
List the prime factors of 170250.
2, 3, 5, 227
What are the prime factors of 746782?
2, 67, 5573
List the prime factors of 8493768.
2, 3, 39323
What are the prime factors of 24560651?
29, 846919
What are the prime factors of 84034?
2, 42017
What are the prime factors of 208479?
3, 69493
What are the prime factors of 2275353?
3, 252817
What are the prime factors of 2025905?
5, 7, 8269
List the prime factors of 204653.
29, 7057
What are the prime factors of 6151532?
2, 1537883
List the prime factors of 645998.
2, 322999
What are the prime factors of 108990?
2, 3, 5, 7, 173
List the prime factors of 88727.
83, 1069
List the prime factors of 31702.
2, 11, 131
List the prime factors of 69425.
5, 2777
What are the prime factors of 229255?
5, 13, 3527
What are the prime factors of 1394?
2, 17, 41
List the prime factors of 5684745.
3, 5, 11, 131, 263
List the prime factors of 8227941.
3, 2742647
List the prime factors of 413947.
181, 2287
List the prime factors of 2065728.
2, 3, 7, 29, 53
What are the prime factors of 14192502?
2, 3, 83, 28499
List the prime factors of 2791157.
19, 41, 3583
What are the prime factors of 8259760?
2, 5, 23, 67
What are the prime factors of 10982722?
2, 19, 289019
What are the prime factors of 107416?
2, 29, 463
What are the prime factors of 28986819?
3, 17, 443, 1283
What are the prime factors of 300635?
5, 60127
What are the prime factors of 363457?
29, 83, 151
List the prime factors of 9943401.
3, 13, 254959
What are the prime factors of 676241?
676241
What are the prime factors of 5872227?
3, 47, 41647
What are the prime factors of 1859814?
2, 3, 11, 31, 101
What are the prime factors of 1900490?
2, 5, 23, 8263
List the prime factors of 116698.
2, 19, 37, 83
List the prime factors of 187537.
7, 73, 367
What are the prime factors of 11035061?
821, 13441
List the prime factors of 13057.
11, 1187
List the prime factors of 1480047.
3, 307, 1607
What are the prime factors of 6994674?
2, 3, 43177
What are the prime factors of 2212847?
7, 13, 24317
List the prime factors of 2097367.
29, 31, 2333
List the prime factors of 686656.
2, 10729
What are the prime factors of 19543985?
5, 643, 6079
What are the prime factors of 46440?
2, 3, 5, 43
What are the prime factors of 735788?
2, 29, 6343
What are the prime factors of 3717684?
2, 3, 29, 1187
What are the prime factors of 1138017?
3, 23, 16493
List the prime factors of 766922.
2, 13, 2269
List the prime factors of 1678265.
5, 335653
List the prime factors of 3044082.
2, 3, 507347
What are the prime factors of 396345?
3, 5, 26423
List the prime factors of 12157569.
3, 383, 3527
List the prime factors of 8955530.
2, 5, 895553
What are the prime factors of 295908?
2, 3, 24659
What are the prime factors of 2192?
2, 137
List the prime factors of 421455.
3, 5, 28097
What are the prime factors of 273386?
2, 136693
What are the prime factors of 621026?
2, 7, 6337
List the prime factors of 4141249.
7, 251, 2357
What are the prime factors of 367462?
2, 313, 587
What are the prime factors of 387829?
13, 29833
List the prime factors of 1699893.
3, 13, 29, 167
What are the prime factors of 698572?
2, 7, 61, 409
What are the prime factors of 26257044?
2, 3, 11, 17, 11701
What are the prime factors of 6241406?
2, 3120703
What are the prime factors of 324509?
191, 1699
List the prime factors of 153019.
23, 6653
What are the prime factors of 3723920?
2, 5, 46549
What are the prime factors of 4255800?
2, 3, 5, 41, 173
What are the prime factors of 1107492?
2, 3, 41, 2251
List the prime factors of 6888383.
17, 405199
What are the prime factors of 1418144?
2, 7, 13, 487
What are the prime factors of 24380135?
5, 13, 19, 1039
List the prime factors of 239092.
2, 7, 8539
List the prime factors of 2837800.
2, 5, 7, 2027
What are the prime factors of 405192?
2, 3, 16883
List the prime factors of 8330969.
17, 490057
What are the prime factors of 2802342?
2, 3, 67, 6971
What are the prime factors of 1874679?
3, 37, 16889
What are the prime factors of 4686451?
7, 11, 503
List the prime factors of 5039693.
19, 265247
What are the prime factors of 369343?
13, 28411
List the prime factors of 646665.
3, 5, 19, 2269
What are the prime factors of 6641522?
2, 29, 43, 2663
List the prime factors of 1783769.
13, 43, 3191
What are the prime factors of 13519268?
2, 7, 47, 10273
What are the prime factors of 408026?
2, 204013
List the prime factors of 773168.
2, 11, 23, 191
What are the prime factors of 26952653?
7, 13, 296183
What are the prime factors of 989748?
2, 3, 19, 1447
What are the prime factors of 123606?
2, 3, 7, 109
What are the prime factors of 150565?
5, 30113
List the prime factors of 477570.
2, 3, 5, 15919
List the prime factors of 737238.
2, 3, 19, 29, 223
List the prime factors of 955599.
3, 37, 8609
What are the prime factors of 209390?
2, 5, 20939
List the prime factors of 21807453.
3, 7269151
What are the prime factors of 7536340?
2, 5, 7, 53831
List the prime factors of 10539761.
10539761
What are the prime factors of 407321?
407321
What are the prime factors of 10091285?
5, 17, 227, 523
What are the prime factors of 458518?
2, 71, 3229
List the prime factors of 1084227.
3, 361409
What are the prime factors of 353092?
2, 41, 2153
What are the prime factors of 9456558?
2, 3, 1576093
List the prime factors of 272629.
7, 17, 29, 79
What are the prime factors of 291562?
2, 73, 1997
List the prime factors of 548238.
2, 3, 91373
List the prime factors of 173372.
2, 89, 487
What are the prime factors of 2939271?
3, 979757
What are the prime factors of 249593?
249593
List the prime factors of 829001.
829001
List the prime factors of 9537667.
613, 15559
What are the prime factors of 2705244?
2, 3, 17, 89, 149
List the prime factors of 1270204.
2, 13, 1879
What are the prime factors of 1610725?
5, 19, 3391
What are the prime factors of 4947066?
2, 3, 274837
List the prime factors of 12603123.
3, 13, 107719
What are the prime factors of 174732?
2, 3, 14561
What are the prime factors of 6318739?
7, 902677
What are the prime factors of 20352119?
20352119
List the prime factors of 926062.
2, 463031
What are the prime factors of 69788?
2, 73, 239
What are the prime factors of 87544?
2, 31, 353
What are the prime factors of 332629?
11, 2749
What are the prime factors of 2646329?
7, 257, 1471
What are the prime factors of 226399?
47, 4817
List the prime factors of 6064380.
2, 3, 5, 7, 4813
List the prime factors of 969716.
2, 11, 22039
What are the prime factors of 4981125?
3, 5, 37, 359
What are the prime factors of 28446958?
2, 2293, 6203
What are the prime factors of 5439757?
19, 41, 6983
What are the prime factors of 5007658?
2, 41, 173, 353
What are the prime factors of 2212561?
13, 170197
List the prime factors of 6079199.
7, 23, 61, 619
What are the prime factors of 25696875?
3, 5, 2741
What are the prime factors of 16585?
5, 31, 107
What are the prime factors of 4729561?
53, 89237
List the prime factors of 1091779.
13, 83983
List the prime factors of 1491620.
2, 5, 13, 5737
List the prime factors of 23777348.
2, 7, 121313
List the prime factors of 43808.
2, 37
What are the prime factors of 24639294?
2, 3, 89, 46141
List the prime factors of 9172483.
9172483
List the prime factors of 2552160.
2, 3, 5, 13, 409
What are the prime factors of 8450494?
2, 13, 325019
List the prime factors of 244870